eatest common divisor of h and o.
33
Let z be 783/153 - (-4)/(-34). Suppose 0*o = -z*o + 50. What is the highest common divisor of o and 20?
10
Suppose -5*a - 5*w + 235 = 0, 125 = 3*a - 9*w + 8*w. Calculate the highest common factor of a and 473.
43
Let d = -128 + 234. What is the greatest common factor of d and 689?
53
Let d be ((-90)/(-10))/((-216)/(-213) - 1). Calculate the highest common divisor of d and 142.
71
Let n(l) = -1 + 2 + 2*l - 23*l + 2*l. Let g be n(-1). Calculate the greatest common factor of g and 60.
20
Let y = -2152 + 2153. Calculate the highest common factor of y and 94.
1
Let p = -123 + 124. Suppose -f + 3 = -0*f. What is the greatest common factor of f and p?
1
Suppose 24 = -4*o, -386*o = 2*y - 388*o - 174. Let g(k) = 2*k**3 - 5*k**2 + 4*k - 3. Let j be g(3). Calculate the greatest common factor of y and j.
9
Suppose 0 = -k + 6*k - 245. Suppose 0 = -l + 203 - k. Let p = -18 + l. Calculate the highest common divisor of 17 and p.
17
Let c be 13 - 7 - (0/(-2) + 0). Let b be 20*c*1/6. Let i be 1/(-3) - 181/(-3). Calculate the greatest common divisor of b and i.
20
Let l be (-1590)/(-135) + 2/9. Calculate the greatest common divisor of l and 984.
12
Let q(f) = f**2 - 8*f + 4. Let o be q(6). Suppose 0 = 3*u - 3*g, g = 2*u + u + 4. Let w be (-36)/o + 3/u. What is the highest common factor of w and 27?
3
Let z be -263*2/(-8) - (-42)/(-56). Let v = z + -40. What is the greatest common factor of v and 200?
25
Suppose -2*z + 5 + 9 = 0. Let h = -6494 + 6495. Calculate the greatest common divisor of h and z.
1
Suppose -340 = -4*i - 244. What is the greatest common divisor of 256 and i?
8
Let z = 619 - 567. What is the greatest common factor of z and 429?
13
Suppose -12 = -0*j - 4*j. Suppose 0*c - c = -4*y - 10, j*c - 5*y = 23. What is the highest common divisor of c and 42?
6
Let v = 602 - 335. Suppose -3*o = 5*i - 748 + v, i + 451 = 3*o. What is the greatest common divisor of o and 38?
38
Let o = -118 + 224. What is the highest common divisor of o and 159?
53
Let l be (-6)/8 - (-3053)/172. Let v be (1/3)/(5/(-15)). Let m be ((-170)/(-8))/(v/(-4)). What is the greatest common factor of l and m?
17
Suppose 0 = 11*v - 727 - 65. What is the greatest common factor of v and 60?
12
Let g be (2*-1)/(2/(-4)). Let w(y) be the first derivative of -y**3/3 + 9*y**2/2 - 4*y - 61. Let a be w(g). Calculate the highest common divisor of 32 and a.
16
Suppose g = -2*j + 5*g + 14, 3*j + g = 0. Let s be j/6 + 2096/96. What is the highest common factor of s and 2?
2
Let k(l) = 16 - l**3 - 8 - 8*l**2 + 19*l - 6 - l. Let j be k(-10). Let w = 38 + -16. Calculate the greatest common factor of j and w.
22
Let m be (-1)/(-2) - (-7)/(-14). Suppose m = 4*o + 13 - 65. Calculate the greatest common divisor of 52 and o.
13
Let f = -622 + 758. Calculate the highest common divisor of 17 and f.
17
Let u be (-3848)/(-10) + 4/(-5). Calculate the greatest common divisor of u and 12.
12
Suppose -3*t + 2*t + 497 = 5*i, 4*t + 112 = i. Let j = 4 - -3. Suppose 0 = 2*g - 33 - j. Calculate the greatest common factor of g and i.
20
Let p(x) = x**2 - 11*x - 24. Let d be p(14). What is the greatest common factor of d and 9?
9
Let j = -2172 - -3565. What is the highest common divisor of 7 and j?
7
Suppose g = -2*y + 242, 5*g - 1237 = 2*y - 3*y. What is the greatest common factor of g and 31?
31
Let f(g) = -3*g**3 + 2*g**2 + 4*g + 8. Let x be f(-4). Suppose -6*y - x = -9*y. Calculate the highest common divisor of 180 and y.
36
Suppose 0 = -4*t + 547 - 223. Let j = 55 - t. Let v be -3*j/(-6)*-1. What is the highest common divisor of 52 and v?
13
Suppose o + 4*c + 7 = 0, 5*o - 2*c + 3 - 56 = 0. Suppose -4*r = -3*k - 3*r + 9, 3*r = 0. Calculate the highest common divisor of k and o.
3
Let y(n) = -7*n - 17. Let a be y(-3). Suppose -a*w + 291 = -49. Let k be 1*-3*(-17)/3. Calculate the greatest common divisor of k and w.
17
Suppose 2*p = 5*p + 5*x + 11, 0 = -p + x + 7. Let m be 20/(-8)*(p + -11). Calculate the highest common factor of 50 and m.
10
Suppose 3*a - 4*c - 55 = 0, -4*a + 4*c = a - 81. Suppose 5*p + 244 = 2*o, 75*p + 587 = 5*o + 74*p. What is the greatest common divisor of o and a?
13
Let v be 2/3*(-45)/((-4)/4). Calculate the greatest common divisor of 810 and v.
30
Let m = -4 - -15. Let c(r) = -r**3 + 11*r**2 + 16. Let u be c(m). Calculate the greatest common factor of u and 48.
16
Suppose 5 - 3 = g. Let f be (-4 + 0 - g) + 4. Let o be f/((-4)/32*1). What is the greatest common divisor of 128 and o?
16
Let v be ((-52)/20)/(3/(-15)). Suppose -v*m = -15*m + 6. What is the highest common divisor of 9 and m?
3
Suppose 7*l - 12*l = -15. Let v be 16 - (-2 + l - 0). Calculate the greatest common divisor of 15 and v.
15
Let g(c) = -c**3 - 4*c**2 + 2*c + 32. Let h be g(-4). Calculate the greatest common factor of 80 and h.
8
Let l = -293 - -321. Calculate the greatest common factor of l and 154.
14
Let v(d) = -47*d + 656. Let p be v(0). What is the highest common divisor of 82 and p?
82
Let s(d) = 4*d**3 + 2*d**2 + 4*d - 5. Let j be s(3). Let w = 143 - j. What is the greatest common divisor of 110 and w?
10
Suppose 0 = -3*y + 4*y - 1. Let d(n) = 11*n + 1. Let f be d(-1). Let z = 15 + f. What is the greatest common divisor of z and y?
1
Let m be 4/(-14) - (-30)/(-35)*2. Let w be (-7 - -40) + (0 - m). Calculate the greatest common divisor of 7 and w.
7
Let y = -91 - -157. Let z(b) = b**2 + 9*b + 2. Let l be z(-13). Suppose 5*a - 166 = l. What is the greatest common factor of a and y?
22
Let x(q) = 20*q**2 + 3*q - 2. Let d(f) = -f + 5. Let b be d(4). Let k be x(b). Suppose k*u = 20*u + 144. Calculate the highest common factor of 16 and u.
16
Let s(v) = 3*v**2 + 27*v + 61. Let f be s(-6). Let k(h) = 6*h**2 - 6*h + 5. Let b be k(4). What is the highest common factor of b and f?
7
Let k(u) = 4*u**3 - 16*u**2 + 2*u + 1. Let a be k(4). Calculate the highest common divisor of a and 2.
1
Let x be -2*3937/93*18*-1. Calculate the highest common divisor of 12 and x.
12
Let q = -34 - -37. Suppose 37 = 5*o - 3*j - 4, 4*o - 2*j - 34 = 0. Suppose -5*p + 10 = 0, 2*b + q*p - o = b. Calculate the highest common factor of 36 and b.
4
Let s(n) = -38*n + 9. Let w be s(-4). Let t(x) = -x**2 + 2*x + 23. Let c be t(0). What is the highest common factor of c and w?
23
Let g(l) = -15*l + 106. Let f be g(7). What is the greatest common factor of 239 and f?
1
Let z be (-7 + -4)*1*-1. What is the highest common factor of z and 2354?
11
Let r = -47 - -69. Let u be -1 - (r/(-2) - -4). What is the highest common divisor of u and 6?
6
Let c(q) be the third derivative of -q**5/60 - 3*q**4/4 - 17*q**3/6 - 2*q**2. Let j = 44 - 59. Let f be c(j). Calculate the greatest common factor of 308 and f.
28
Let q = -18 - -25. Let z = q + -3. Let a be 4 - (1 + -4 - (-16 - -53)). What is the greatest common factor of z and a?
4
Suppose -l + 0*l = -3*q - 6, 5*l = -5*q - 10. Let n be 30/(q*(-2 - -1)). What is the highest common divisor of n and 165?
15
Suppose 38*l - 42*l + 4264 = 0. Calculate the greatest common factor of 26 and l.
26
Let o = 56 + -55. Let d be (35/25 - 1)/(o/150). What is the highest common factor of 150 and d?
30
Suppose 0 = -o + 155 - 27. Let s = -89 + o. Calculate the highest common divisor of 117 and s.
39
Let c be 8/(-3)*(-9)/(-6) - -3. Let t be (c - 3 - -4) + 56. What is the highest common factor of t and 8?
8
Suppose -679 + 2194 = h + 5*u, -u - 1497 = -h. What is the greatest common divisor of h and 12?
12
Suppose 0 = -3*f - f + 8. Suppose 2*b - 4*q - 36 = -2*b, -f*b - 4*q - 6 = 0. Suppose 49 = -2*z + 129. Calculate the greatest common factor of z and b.
5
Let j be ((-180)/(-35))/(28/294). Calculate the greatest common factor of 621 and j.
27
Suppose -118*c - 154 = -129*c. What is the highest common factor of 385 and c?
7
Let m = -42 + 50. Suppose m*f - 45 = -7*f. What is the greatest common divisor of f and 27?
3
Suppose -186 = -11*a + 210. Calculate the greatest common factor of 480 and a.
12
Let n = -27 - -29. Suppose -n*x + 3*z - 183 = -5*x, 3*x + z - 189 = 0. What is the highest common factor of x and 16?
16
Let d be 3*(34 - (0 - -1)). Suppose -16*a = 3*a + 76*a - 855. Calculate the greatest common factor of d and a.
9
Let c = 2215 + -2056. Calculate the highest common factor of c and 5088.
159
Let q